 is the hundreds digit of 9447744?
7
What is the hundred thousands digit of 246406109?
4
What is the ten millions digit of 344287550?
4
What is the tens digit of 6508336053?
5
What is the tens digit of 161262356?
5
What is the ten thousands digit of 1388656529?
5
What is the ten millions digit of 1729289086?
2
What is the thousands digit of 8980416?
0
What is the hundreds digit of 213782618?
6
What is the ten millions digit of 428416873?
2
What is the hundred millions digit of 3402401537?
4
What is the thousands digit of 151710857?
0
What is the tens digit of 834356439?
3
What is the ten thousands digit of 13892983?
9
What is the thousands digit of 2787104214?
4
What is the ten millions digit of 876384251?
7
What is the thousands digit of 1585410355?
0
What is the millions digit of 484663955?
4
What is the units digit of 353331431?
1
What is the hundreds digit of 21495119?
1
What is the hundred thousands digit of 403584244?
5
What is the units digit of 926413832?
2
What is the hundred millions digit of 215338199?
2
What is the ten thousands digit of 5727932?
2
What is the ten thousands digit of 1267886354?
8
What is the units digit of 54151460?
0
What is the ten thousands digit of 6539336?
3
What is the ten millions digit of 155719879?
5
What is the thousands digit of 545346921?
6
What is the units digit of 5588138976?
6
What is the ten millions digit of 36468415?
3
What is the units digit of 146373439?
9
What is the ten thousands digit of 2534584583?
8
What is the ten thousands digit of 4954333558?
3
What is the millions digit of 51193619?
1
What is the tens digit of 1409955374?
7
What is the thousands digit of 6777562?
7
What is the hundreds digit of 2066344773?
7
What is the thousands digit of 599435031?
5
What is the hundreds digit of 5904244270?
2
What is the thousands digit of 900957260?
7
What is the hundred millions digit of 288761540?
2
What is the ten millions digit of 2877710545?
7
What is the tens digit of 5390830087?
8
What is the millions digit of 71899456?
1
What is the hundreds digit of 162699208?
2
What is the ten thousands digit of 22886915?
8
What is the hundred thousands digit of 5533322187?
3
What is the hundred thousands digit of 892090042?
0
What is the units digit of 74041000?
0
What is the thousands digit of 2620573024?
3
What is the hundred millions digit of 630649032?
6
What is the ten thousands digit of 312430150?
3
What is the millions digit of 1004222372?
4
What is the ten millions digit of 83966362?
8
What is the millions digit of 217548120?
7
What is the millions digit of 2812527601?
2
What is the thousands digit of 341331801?
1
What is the millions digit of 857220021?
7
What is the hundred thousands digit of 1202027431?
0
What is the hundreds digit of 234582241?
2
What is the tens digit of 2219104599?
9
What is the millions digit of 1195167890?
5
What is the millions digit of 833210267?
3
What is the units digit of 2041662677?
7
What is the hundreds digit of 2428410424?
4
What is the thousands digit of 147225342?
5
What is the millions digit of 33891672?
3
What is the ten thousands digit of 41736004?
3
What is the ten millions digit of 80680724?
8
What is the millions digit of 32481201?
2
What is the units digit of 6391039051?
1
What is the billions digit of 2303809985?
2
What is the hundred thousands digit of 285150081?
1
What is the hundred thousands digit of 475390082?
3
What is the ten millions digit of 76430880?
7
What is the hundred thousands digit of 66100689?
1
What is the hundreds digit of 4046535655?
6
What is the ten thousands digit of 1421268046?
6
What is the tens digit of 4641537?
3
What is the ten thousands digit of 418998039?
9
What is the ten millions digit of 156859260?
5
What is the thousands digit of 8886641?
6
What is the units digit of 74283450?
0
What is the thousands digit of 2308160848?
0
What is the billions digit of 1711019153?
1
What is the ten millions digit of 1608981754?
0
What is the thousands digit of 62348210?
8
What is the millions digit of 4468971484?
8
What is the hundred millions digit of 115206565?
1
What is the ten thousands digit of 70300098?
0
What is the ten thousands digit of 211921159?
2
What is the millions digit of 645340533?
5
What is the ten millions digit of 1347822401?
4
What is the tens digit of 8366958122?
2
What is the units digit of 3322338?
8
What is the ten thousands digit of 98473295?
7
What is the ten thousands digit of 395454855?
5
What is the ten thousands digit of 244294704?
9
What is the hundred thousands digit of 2301702980?
7
What is the hundred thousands digit of 32461298?
4
What is the ten millions digit of 37855637?
3
What is the millions digit of 86327182?
6
What is the units digit of 992649848?
8
What is the units digit of 37364275?
5
What is the hundreds digit of 287758208?
2
What is the ten thousands digit of 35105947?
0
What is the hundred thousands digit of 99090235?
0
What is the ten millions digit of 434033936?
3
What is the units digit of 987823196?
6
What is the ten millions digit of 1841503218?
4
What is the ten thousands digit of 45400257?
0
What is the ten thousands digit of 2728358?
2
What is the hundred thousands digit of 142001858?
0
What is the hundred thousands digit of 564532162?
5
What is the tens digit of 633231720?
2
What is the ten millions digit of 42216041?
4
What is the ten millions digit of 590323003?
9
What is the hundred millions digit of 244487908?
2
What is the tens digit of 518305625?
2
What is the billions digit of 4653031555?
4
What is the tens digit of 3017082130?
3
What is the ten millions digit of 706162048?
0
What is the tens digit of 82509667?
6
What is the hundred thousands digit of 1018807914?
8
What is the ten thousands digit of 113725150?
2
What is the thousands digit of 38202793?
2
What is the hundreds digit of 4515612281?
2
What is the thousands digit of 29063769?
3
What is the thousands digit of 481239653?
9
What is the units digit of 421425304?
4
What is the thousands digit of 41289866?
9
What is the billions digit of 3667509932?
3
What is the units digit of 18568318?
8
What is the units digit of 549588865?
5
What is the hundred millions digit of 120972252?
1
What is the hundreds digit of 156278541?
5
What is the millions digit of 337826379?
7
What is the hundred thousands digit of 7039001?
0
What is the hundred millions digit of 185507132?
1
What is the millions digit of 56323632?
6
What is the tens digit of 2202731442?
4
What is the hundred millions digit of 728365953?
7
What is the ten thousands digit of 7498533586?
3
What is the ten millions digit of 53039588?
5
What is the hundred thousands digit of 28136782?
1
What is the hundred thousands digit of 560564611?
5
What is the millions digit of 643740756?
3
What is the tens digit of 124056437?
3
What is the units digit of 1675576176?
6
What is the ten thousands digit of 67741559?
4
What is the billions digit of 1129791639?
1
What is the ten thousands digit of 72101990?
0
What is the thousands digit of 4607586637?
6
What is the ten millions digit of 49260310?
4
What is the thousands digit of 140697067?
7
What is the hundreds digit of 625108737?
7
What is the millions digit of 155533801?
5
What is the units digit of 69109157?
7
What is the hundreds digit of 324187822?
8
What is the hundreds digit of 40743095?
0
What is the units digit of 6044573489?
9
What is the thousands digit of 504381859?
1
What is the ten millions digit of 40453875?
4
What is the thousands digit of 56827285?
7
What is the units digit of 1277255425?
5
What is the hundreds digit of 1118203372?
3
What is the millions digit of 214435212?
4
What is the ten millions digit of 2934302851?
3
What is the units digit of 116422508?
8
What is the ten millions digit of 50117487?
5
What is the hundred thousands digit of 138695338?
6
What is the tens digit of 1312713503?
0
What is the units digit of 23221754?
4
What is the millions digit of 293615984?
3
What is the tens digit of 21451594?
9
What is the tens digit of 173472069?
6
What is the thousands digit of 940621924?
1
What is the tens digit of 75943646?
4
What is the millions digit of 4307883859?
7
What is the thousands digit of 208840314?
0
What is the millions digit of 79398324?
9
What is the thousands digit of 124145440?
5
What is